{"id":376,"date":"2017-09-08T10:34:12","date_gmt":"2017-09-08T08:34:12","guid":{"rendered":"https:\/\/vaxol.se\/?page_id=376"},"modified":"2019-02-08T14:30:36","modified_gmt":"2019-02-08T13:30:36","slug":"kloende-og-torre-oreganger","status":"publish","type":"page","link":"https:\/\/vaxol.no\/vanlige-oreproblemer\/kloende-og-torre-oreganger\/","title":{"rendered":"Kl\u00f8ende og t\u00f8rre \u00f8reganger"},"content":{"rendered":"","protected":false},"excerpt":{"rendered":"","protected":false},"author":2,"featured_media":0,"parent":6,"menu_order":0,"comment_status":"closed","ping_status":"closed","template":"","meta":[],"yoast_head":"<!-- This site is optimized with the Yoast SEO plugin v18.3 - https:\/\/yoast.com\/wordpress\/plugins\/seo\/ -->\n<title>Kl\u00f8ende og t\u00f8rre \u00f8reganger - Vaxol\u00ae<\/title>\n<meta name=\"robots\" content=\"index, follow, max-snippet:-1, max-image-preview:large, max-video-preview:-1\" \/>\n<link rel=\"canonical\" href=\"https:\/\/vaxol.no\/vanlige-oreproblemer\/kloende-og-torre-oreganger\/\" \/>\n<meta property=\"og:locale\" content=\"nb_NO\" \/>\n<meta property=\"og:type\" content=\"article\" \/>\n<meta property=\"og:title\" content=\"Kl\u00f8ende og t\u00f8rre \u00f8reganger - Vaxol\u00ae\" \/>\n<meta property=\"og:url\" content=\"https:\/\/vaxol.no\/vanlige-oreproblemer\/kloende-og-torre-oreganger\/\" \/>\n<meta property=\"og:site_name\" content=\"Vaxol\u00ae\" \/>\n<meta property=\"article:modified_time\" content=\"2019-02-08T13:30:36+00:00\" \/>\n<meta name=\"twitter:card\" content=\"summary_large_image\" \/>\n<script type=\"application\/ld+json\" class=\"yoast-schema-graph\">{\"@context\":\"https:\/\/schema.org\",\"@graph\":[{\"@type\":\"WebSite\",\"@id\":\"https:\/\/vaxol.no\/#website\",\"url\":\"https:\/\/vaxol.no\/\",\"name\":\"Vaxol\u00ae\",\"description\":\"S\u00e4g farv\u00e4l till \u00f6ronvax och vaxproppar\",\"potentialAction\":[{\"@type\":\"SearchAction\",\"target\":{\"@type\":\"EntryPoint\",\"urlTemplate\":\"https:\/\/vaxol.no\/?s={search_term_string}\"},\"query-input\":\"required name=search_term_string\"}],\"inLanguage\":\"nb-NO\"},{\"@type\":\"WebPage\",\"@id\":\"https:\/\/vaxol.no\/vanlige-oreproblemer\/kloende-og-torre-oreganger\/#webpage\",\"url\":\"https:\/\/vaxol.no\/vanlige-oreproblemer\/kloende-og-torre-oreganger\/\",\"name\":\"Kl\u00f8ende og t\u00f8rre \u00f8reganger - Vaxol\u00ae\",\"isPartOf\":{\"@id\":\"https:\/\/vaxol.no\/#website\"},\"datePublished\":\"2017-09-08T08:34:12+00:00\",\"dateModified\":\"2019-02-08T13:30:36+00:00\",\"breadcrumb\":{\"@id\":\"https:\/\/vaxol.no\/vanlige-oreproblemer\/kloende-og-torre-oreganger\/#breadcrumb\"},\"inLanguage\":\"nb-NO\",\"potentialAction\":[{\"@type\":\"ReadAction\",\"target\":[\"https:\/\/vaxol.no\/vanlige-oreproblemer\/kloende-og-torre-oreganger\/\"]}]},{\"@type\":\"BreadcrumbList\",\"@id\":\"https:\/\/vaxol.no\/vanlige-oreproblemer\/kloende-og-torre-oreganger\/#breadcrumb\",\"itemListElement\":[{\"@type\":\"ListItem\",\"position\":1,\"name\":\"Hem\",\"item\":\"https:\/\/vaxol.no\/\"},{\"@type\":\"ListItem\",\"position\":2,\"name\":\"Vanlige \u00f8reproblemer\",\"item\":\"https:\/\/vaxol.no\/vanlige-oreproblemer\/\"},{\"@type\":\"ListItem\",\"position\":3,\"name\":\"Kl\u00f8ende og t\u00f8rre \u00f8reganger\"}]}]}<\/script>\n<!-- \/ Yoast SEO plugin. -->","yoast_head_json":{"title":"Kl\u00f8ende og t\u00f8rre \u00f8reganger - Vaxol\u00ae","robots":{"index":"index","follow":"follow","max-snippet":"max-snippet:-1","max-image-preview":"max-image-preview:large","max-video-preview":"max-video-preview:-1"},"canonical":"https:\/\/vaxol.no\/vanlige-oreproblemer\/kloende-og-torre-oreganger\/","og_locale":"nb_NO","og_type":"article","og_title":"Kl\u00f8ende og t\u00f8rre \u00f8reganger - Vaxol\u00ae","og_url":"https:\/\/vaxol.no\/vanlige-oreproblemer\/kloende-og-torre-oreganger\/","og_site_name":"Vaxol\u00ae","article_modified_time":"2019-02-08T13:30:36+00:00","twitter_card":"summary_large_image","schema":{"@context":"https:\/\/schema.org","@graph":[{"@type":"WebSite","@id":"https:\/\/vaxol.no\/#website","url":"https:\/\/vaxol.no\/","name":"Vaxol\u00ae","description":"S\u00e4g farv\u00e4l till \u00f6ronvax och vaxproppar","potentialAction":[{"@type":"SearchAction","target":{"@type":"EntryPoint","urlTemplate":"https:\/\/vaxol.no\/?s={search_term_string}"},"query-input":"required name=search_term_string"}],"inLanguage":"nb-NO"},{"@type":"WebPage","@id":"https:\/\/vaxol.no\/vanlige-oreproblemer\/kloende-og-torre-oreganger\/#webpage","url":"https:\/\/vaxol.no\/vanlige-oreproblemer\/kloende-og-torre-oreganger\/","name":"Kl\u00f8ende og t\u00f8rre \u00f8reganger - Vaxol\u00ae","isPartOf":{"@id":"https:\/\/vaxol.no\/#website"},"datePublished":"2017-09-08T08:34:12+00:00","dateModified":"2019-02-08T13:30:36+00:00","breadcrumb":{"@id":"https:\/\/vaxol.no\/vanlige-oreproblemer\/kloende-og-torre-oreganger\/#breadcrumb"},"inLanguage":"nb-NO","potentialAction":[{"@type":"ReadAction","target":["https:\/\/vaxol.no\/vanlige-oreproblemer\/kloende-og-torre-oreganger\/"]}]},{"@type":"BreadcrumbList","@id":"https:\/\/vaxol.no\/vanlige-oreproblemer\/kloende-og-torre-oreganger\/#breadcrumb","itemListElement":[{"@type":"ListItem","position":1,"name":"Hem","item":"https:\/\/vaxol.no\/"},{"@type":"ListItem","position":2,"name":"Vanlige \u00f8reproblemer","item":"https:\/\/vaxol.no\/vanlige-oreproblemer\/"},{"@type":"ListItem","position":3,"name":"Kl\u00f8ende og t\u00f8rre \u00f8reganger"}]}]}},"acf":[],"_links":{"self":[{"href":"https:\/\/vaxol.no\/wp-json\/wp\/v2\/pages\/376"}],"collection":[{"href":"https:\/\/vaxol.no\/wp-json\/wp\/v2\/pages"}],"about":[{"href":"https:\/\/vaxol.no\/wp-json\/wp\/v2\/types\/page"}],"author":[{"embeddable":true,"href":"https:\/\/vaxol.no\/wp-json\/wp\/v2\/users\/2"}],"replies":[{"embeddable":true,"href":"https:\/\/vaxol.no\/wp-json\/wp\/v2\/comments?post=376"}],"version-history":[{"count":48,"href":"https:\/\/vaxol.no\/wp-json\/wp\/v2\/pages\/376\/revisions"}],"predecessor-version":[{"id":1432,"href":"https:\/\/vaxol.no\/wp-json\/wp\/v2\/pages\/376\/revisions\/1432"}],"up":[{"embeddable":true,"href":"https:\/\/vaxol.no\/wp-json\/wp\/v2\/pages\/6"}],"wp:attachment":[{"href":"https:\/\/vaxol.no\/wp-json\/wp\/v2\/media?parent=376"}],"curies":[{"name":"wp","href":"https:\/\/api.w.org\/{rel}","templated":true}]}}